482?
4
What is the thousands digit of 1504?
1
What is the hundreds digit of 4586?
5
What is the units digit of 1371?
1
What is the units digit of 7200?
0
What is the units digit of 2029?
9
What is the hundreds digit of 19049?
0
What is the thousands digit of 2699?
2
What is the units digit of 33310?
0
What is the tens digit of 24200?
0
What is the units digit of 1944?
4
What is the units digit of 4244?
4
What is the units digit of 789?
9
What is the hundreds digit of 160159?
1
What is the hundreds digit of 6295?
2
What is the hundreds digit of 2390?
3
What is the units digit of 36785?
5
What is the tens digit of 705?
0
What is the hundreds digit of 818?
8
What is the ten thousands digit of 27168?
2
What is the hundreds digit of 316?
3
What is the ten thousands digit of 20837?
2
What is the tens digit of 25615?
1
What is the thousands digit of 12014?
2
What is the thousands digit of 101007?
1
What is the units digit of 197?
7
What is the units digit of 637?
7
What is the units digit of 876?
6
What is the units digit of 128631?
1
What is the hundreds digit of 31663?
6
What is the tens digit of 1895?
9
What is the tens digit of 4177?
7
What is the units digit of 66?
6
What is the units digit of 981?
1
What is the tens digit of 2044?
4
What is the tens digit of 6181?
8
What is the units digit of 109131?
1
What is the tens digit of 953?
5
What is the thousands digit of 1770?
1
What is the units digit of 5240?
0
What is the units digit of 2885?
5
What is the tens digit of 1096?
9
What is the units digit of 9797?
7
What is the thousands digit of 1535?
1
What is the tens digit of 489?
8
What is the thousands digit of 10638?
0
What is the hundreds digit of 10849?
8
What is the thousands digit of 6479?
6
What is the units digit of 49266?
6
What is the tens digit of 91?
9
What is the hundreds digit of 24768?
7
What is the units digit of 33815?
5
What is the ten thousands digit of 95188?
9
What is the ten thousands digit of 10139?
1
What is the units digit of 4933?
3
What is the units digit of 375?
5
What is the tens digit of 18816?
1
What is the units digit of 508?
8
What is the tens digit of 150158?
5
What is the thousands digit of 5965?
5
What is the thousands digit of 6417?
6
What is the hundreds digit of 1998?
9
What is the tens digit of 397?
9
What is the hundreds digit of 21614?
6
What is the tens digit of 49604?
0
What is the tens digit of 1338?
3
What is the thousands digit of 6778?
6
What is the thousands digit of 5514?
5
What is the hundreds digit of 100906?
9
What is the hundreds digit of 15782?
7
What is the tens digit of 8426?
2
What is the tens digit of 83189?
8
What is the tens digit of 29630?
3
What is the tens digit of 794?
9
What is the tens digit of 36546?
4
What is the units digit of 7?
7
What is the tens digit of 2012?
1
What is the units digit of 3922?
2
What is the hundreds digit of 70376?
3
What is the tens digit of 96038?
3
What is the units digit of 4886?
6
What is the thousands digit of 4710?
4
What is the tens digit of 12516?
1
What is the tens digit of 78?
7
What is the hundreds digit of 947?
9
What is the thousands digit of 76930?
6
What is the units digit of 18917?
7
What is the units digit of 5469?
9
What is the thousands digit of 7237?
7
What is the tens digit of 12850?
5
What is the thousands digit of 52055?
2
What is the tens digit of 149?
4
What is the tens digit of 5053?
5
What is the tens digit of 35640?
4
What is the thousands digit of 4852?
4
What is the hundreds digit of 5542?
5
What is the hundreds digit of 85945?
9
What is the units digit of 61?
1
What is the tens digit of 1390?
9
What is the ten thousands digit of 50139?
5
What is the units digit of 1974?
4
What is the hundreds digit of 39987?
9
What is the ten thousands digit of 21517?
2
What is the hundreds digit of 981?
9
What is the tens digit of 43145?
4
What is the hundreds digit of 1192?
1
What is the tens digit of 9858?
5
What is the units digit of 1298?
8
What is the units digit of 2388?
8
What is the thousands digit of 7247?
7
What is the tens digit of 2900?
0
What is the units digit of 12316?
6
What is the tens digit of 40502?
0
What is the hundreds digit of 9644?
6
What is the units digit of 598?
8
What is the tens digit of 12896?
9
What is the thousands digit of 1125?
1
What is the units digit of 15156?
6
What is the units digit of 10288?
8
What is the thousands digit of 65167?
5
What is the units digit of 113597?
7
What is the units digit of 2010?
0
What is the ten thousands digit of 33850?
3
What is the units digit of 263?
3
What is the units digit of 3672?
2
What is the thousands digit of 23451?
3
What is the tens digit of 1101?
0
What is the units digit of 58085?
5
What is the tens digit of 2942?
4
What is the tens digit of 53402?
0
What is the hundreds digit of 15063?
0
What is the ten thousands digit of 13843?
1
What is the units digit of 20412?
2
What is the hundreds digit of 6416?
4
What is the units digit of 58491?
1
What is the tens digit of 3138?
3
What is the hundreds digit of 3349?
3
What is the tens digit of 3931?
3
What is the units digit of 114?
4
What is the thousands digit of 25532?
5
What is the hundreds digit of 58032?
0
What is the thousands digit of 41343?
1
What is the units digit of 2849?
9
What is the hundreds digit of 15034?
0
What is the units digit of 34630?
0
What is the tens digit of 15428?
2
What is the ten thousands digit of 55226?
5
What is the ten thousands digit of 19841?
1
What is the units digit of 12141?
1
What is the ten thousands digit of 64948?
6
What is the hundreds digit of 4117?
1
What is the tens digit of 580?
8
What is the units digit of 872?
2
What is the thousands digit of 2216?
2
What is the thousands digit of 18957?
8
What is the units digit of 15270?
0
What is the thousands digit of 6160?
6
What is the hundreds digit of 873?
8
What is the tens digit of 65904?
0
What is the ten thousands digit of 143560?
4
What is the hundreds digit of 733?
7
What is the units digit of 1757?
7
What is the hundreds digit of 330?
3
What is the units digit of 10215?
5
What is the units digit of 88?
8
What is the tens digit of 15359?
5
What is the hundreds digit of 15302?
3
What is the units digit of 788?
8
What is the tens digit of 757?
5
What is the units digit of 584?
4
What is the tens digit of 31?
3
What is the units digit of 1671?
1
What is the hundred thousands digit of 133639?
1
What is the hundreds digit of 60577?
5
What is the tens digit of 33777?
7
What is the tens digit of 2242?
4
What is the hundreds digit of 1049?
0
What is the hundreds digit of 8795?
7
What is the tens digit of 5210?
1
What is the tens digit of 6588?
8
What is the ten thousands digit of 192748?
9
What is the hundreds digit of 2794?
7
What is the hundreds digit of 5769?
7
What is the units digit of 18681?
1
What is the tens digit of 1659?
5
What is the hundreds digit of 520?
5
What is the units digit of 5096?
6
What is the hundreds digit of 341?
3
What is the tens digit of 52326?
2
What is the hundreds digit of 102?
1
What is the hundreds digit of 638?
6
What is the hundreds digit of 1188?
1
What is the hundreds digit of 16556?
5
What is the ten thousands digit of 48877?
4
What is the thousands digit of 5667?
5
What is the units digit of 2480?
0
What is the units digit of 11465?
5
What is the tens digit of 3503?
0
What is the units digit of 4682?
2
What is the hundreds digit of 3691?
6
What is the units digit of 12290?
0
What is the hundreds digit of 1532?
5
What is the tens digit of 101383?
8
What is the units digit of 321?
1
What is the tens digit of 56476?
7
What is the units digit of 1055?
5
What is the tens digit of 930?
3
What is the hundreds digit of 42617?
6
What is the thousands digit of 1078?
1
What is the units digit of 879?
9
What is the tens digit of 6900?
0
What is the units digit of 878?
8
What is the tens digit of 44726?
2
What is the hundreds digit of 1209?
2
What is the tens digit of 6114?
1
What is the units digit of 12567?
7
What is the units digit of 3?
3
What is the units digit of 2207?
7
What is the tens digit of 7877?
7
What is the units digit of 5184?
4
What is the thousands digit of 27395?
7
What is the hundreds digit of 7290?
2
What is the hundreds digit of 20043?
0
What is the units digit of 1207?
7
What is